{"id":5400,"date":"2023-05-12T15:00:42","date_gmt":"2023-05-12T15:00:42","guid":{"rendered":"https:\/\/www.gero.lu\/?post_type=faq&#038;p=5400"},"modified":"2023-05-19T09:48:57","modified_gmt":"2023-05-19T09:48:57","slug":"wenn-der-mensch-vergisst-was-er-isst","status":"publish","type":"faq","link":"https:\/\/www.gero.lu\/de\/faq\/wenn-der-mensch-vergisst-was-er-isst","title":{"rendered":"Wenn der Mensch vergisst, was er i(s)st"},"content":{"rendered":"<p><strong>1 Tag<\/strong><\/p>\n<p><strong>Deutsch<\/strong><\/p>\n<p><strong>Referent*in<\/strong><br \/>\n<strong>Markus Biedermann<\/strong><\/p>\n<p>&nbsp;<\/p>\n<p><strong><em>Interventionen aus K\u00fcche, Aktivierung und Pfleg<\/em>e<\/strong><\/p>\n<p>Bei fortschreitender Erkrankung und Ann\u00e4herung an den Tod ver\u00e4ndert sich f\u00fcr die Betroffenen der Umgang mit der Nahrung deutlich. Vieles, was fr\u00fcher wichtig war, verliert an Bedeutung. Hier spielen k\u00f6rperliche Aspekte wie fehlender Appetit, \u00dcbelkeit und Erbrechen eine Rolle. Auch die Formen und M\u00f6glichkeiten der Kommunikation und des Zusammenseins mit Anderen ver\u00e4ndern sich. Bisher wichtige Rituale verlieren ihre Bedeutung oder m\u00fcssen in ihrer Gestaltung ver\u00e4ndert werden.<\/p>\n<p><strong>Ziele<\/strong><\/p>\n<p>Die Teilnehmenden<\/p>\n<ul>\n<li>sind vertraut mit Instrumenten zur Essenserfassung<\/li>\n<li>erkennen Ursachen von Essensunlust<\/li>\n<li>k\u00f6nnen das Essen so gestalten, dass die Bewohner*innen erfolgreich essen, bzw. eventuell wieder Lust am Essen haben<\/li>\n<li>erkennen Machbares und Grenzen<\/li>\n<\/ul>\n<p><strong>Inhalte<\/strong><\/p>\n<ul>\n<li>Bioethische Prinzipien: Autonomie, Gutes tun, nicht schaden wollen, Gerechtigkeit<\/li>\n<li>M\u00f6gliche Ursachen von Essensunlust (psychisch und physisch)<\/li>\n<li>Von der Essbiografie und dem Warenkorb des t\u00e4glichen Lebens<\/li>\n<li>Von Finger Food bis Smooth Food<\/li>\n<li>Essen als basale Stimulation<\/li>\n<li>M\u00f6glichkeiten und Grenzen, Esskulturen zu gestalten<\/li>\n<\/ul>\n<p><strong>Zielgruppe<\/strong><\/p>\n<p>K\u00fcchenverantwortliche, K\u00fcchen- und Servicemitarbeitende, Pflegende, die Patient*innen im Essensbereich betreuen \/ unterst\u00fctzen<\/p>\n","protected":false},"featured_media":0,"template":"","faq_cat":[350],"class_list":["post-5400","faq","type-faq","status-publish","hentry","faq_cat-hauswirtschaft"],"acf":[],"yoast_head":"<!-- This site is optimized with the Yoast SEO Premium plugin v27.4 (Yoast SEO v27.5) - https:\/\/yoast.com\/product\/yoast-seo-premium-wordpress\/ -->\n<title>Wenn der Mensch vergisst, was er i(s)st - GERO<\/title>\n<meta name=\"robots\" content=\"index, follow, max-snippet:-1, max-image-preview:large, max-video-preview:-1\" \/>\n<link rel=\"canonical\" href=\"https:\/\/www.gero.lu\/de\/faq\/wenn-der-mensch-vergisst-was-er-isst\" \/>\n<meta property=\"og:locale\" content=\"de_DE\" \/>\n<meta property=\"og:type\" content=\"article\" \/>\n<meta property=\"og:title\" content=\"Wenn der Mensch vergisst, was er i(s)st\" \/>\n<meta property=\"og:description\" content=\"1 Tag Deutsch Referent*in Markus Biedermann &nbsp; Interventionen aus K\u00fcche, Aktivierung und Pflege Bei fortschreitender Erkrankung und Ann\u00e4herung an den Tod ver\u00e4ndert sich f\u00fcr die Betroffenen der Umgang mit der Nahrung deutlich. Vieles, was fr\u00fcher wichtig war, verliert an Bedeutung. Hier spielen k\u00f6rperliche Aspekte wie fehlender Appetit, \u00dcbelkeit und Erbrechen eine Rolle. Auch die Formen [&hellip;]\" \/>\n<meta property=\"og:url\" content=\"https:\/\/www.gero.lu\/de\/faq\/wenn-der-mensch-vergisst-was-er-isst\" \/>\n<meta property=\"og:site_name\" content=\"GERO\" \/>\n<meta property=\"article:publisher\" content=\"https:\/\/www.facebook.com\/Kompetenzzenter\/\" \/>\n<meta property=\"article:modified_time\" content=\"2023-05-19T09:48:57+00:00\" \/>\n<meta property=\"og:image\" content=\"https:\/\/www.gero.lu\/wp-content\/uploads\/2021\/08\/gettyimages-1135289130-2048x2048_RET-1.jpg\" \/>\n\t<meta property=\"og:image:width\" content=\"1227\" \/>\n\t<meta property=\"og:image:height\" content=\"802\" \/>\n\t<meta property=\"og:image:type\" content=\"image\/jpeg\" \/>\n<meta name=\"twitter:card\" content=\"summary_large_image\" \/>\n<meta name=\"twitter:label1\" content=\"Gesch\u00e4tzte Lesezeit\" \/>\n\t<meta name=\"twitter:data1\" content=\"1\u00a0Minute\" \/>\n<script type=\"application\/ld+json\" class=\"yoast-schema-graph\">{\"@context\":\"https:\\\/\\\/schema.org\",\"@graph\":[{\"@type\":\"WebPage\",\"@id\":\"https:\\\/\\\/www.gero.lu\\\/de\\\/faq\\\/wenn-der-mensch-vergisst-was-er-isst\",\"url\":\"https:\\\/\\\/www.gero.lu\\\/de\\\/faq\\\/wenn-der-mensch-vergisst-was-er-isst\",\"name\":\"Wenn der Mensch vergisst, was er i(s)st - GERO\",\"isPartOf\":{\"@id\":\"https:\\\/\\\/www.gero.lu\\\/de\\\/#website\"},\"datePublished\":\"2023-05-12T15:00:42+00:00\",\"dateModified\":\"2023-05-19T09:48:57+00:00\",\"breadcrumb\":{\"@id\":\"https:\\\/\\\/www.gero.lu\\\/de\\\/faq\\\/wenn-der-mensch-vergisst-was-er-isst#breadcrumb\"},\"inLanguage\":\"de\",\"potentialAction\":[{\"@type\":\"ReadAction\",\"target\":[[\"https:\\\/\\\/www.gero.lu\\\/de\\\/faq\\\/wenn-der-mensch-vergisst-was-er-isst\"]]}]},{\"@type\":\"BreadcrumbList\",\"@id\":\"https:\\\/\\\/www.gero.lu\\\/de\\\/faq\\\/wenn-der-mensch-vergisst-was-er-isst#breadcrumb\",\"itemListElement\":[{\"@type\":\"ListItem\",\"position\":1,\"name\":\"Accueil\",\"item\":\"https:\\\/\\\/www.gero.lu\\\/de\\\/\"},{\"@type\":\"ListItem\",\"position\":2,\"name\":\"Wenn der Mensch vergisst, was er i(s)st\"}]},{\"@type\":\"WebSite\",\"@id\":\"https:\\\/\\\/www.gero.lu\\\/de\\\/#website\",\"url\":\"https:\\\/\\\/www.gero.lu\\\/de\\\/\",\"name\":\"Gero\",\"description\":\"Kompetenzzenter fir den Alter\",\"publisher\":{\"@id\":\"https:\\\/\\\/www.gero.lu\\\/de\\\/#organization\"},\"potentialAction\":[{\"@type\":\"SearchAction\",\"target\":{\"@type\":\"EntryPoint\",\"urlTemplate\":\"https:\\\/\\\/www.gero.lu\\\/de\\\/?s={search_term_string}\"},\"query-input\":{\"@type\":\"PropertyValueSpecification\",\"valueRequired\":true,\"valueName\":\"search_term_string\"}}],\"inLanguage\":\"de\"},{\"@type\":\"Organization\",\"@id\":\"https:\\\/\\\/www.gero.lu\\\/de\\\/#organization\",\"name\":\"Gero\",\"url\":\"https:\\\/\\\/www.gero.lu\\\/de\\\/\",\"logo\":{\"@type\":\"ImageObject\",\"inLanguage\":\"de\",\"@id\":\"https:\\\/\\\/www.gero.lu\\\/de\\\/#\\\/schema\\\/logo\\\/image\\\/\",\"url\":\"https:\\\/\\\/www.gero.lu\\\/wp-content\\\/uploads\\\/2024\\\/04\\\/logo.svg\",\"contentUrl\":\"https:\\\/\\\/www.gero.lu\\\/wp-content\\\/uploads\\\/2024\\\/04\\\/logo.svg\",\"width\":76,\"height\":30,\"caption\":\"Gero\"},\"image\":{\"@id\":\"https:\\\/\\\/www.gero.lu\\\/de\\\/#\\\/schema\\\/logo\\\/image\\\/\"},\"sameAs\":[\"https:\\\/\\\/www.facebook.com\\\/Kompetenzzenter\\\/\",\"https:\\\/\\\/www.instagram.com\\\/gero.kompetenzzenter\\\/\",\"https:\\\/\\\/linkedin.com\\\/company\\\/gero-kompetenzzenter-fir-den-alter\",\"https:\\\/\\\/www.youtube.com\\\/channel\\\/UCJvmJYSeHh3dYQsLHZupj-Q\"]}]}<\/script>\n<!-- \/ Yoast SEO Premium plugin. -->","yoast_head_json":{"title":"Wenn der Mensch vergisst, was er i(s)st - GERO","robots":{"index":"index","follow":"follow","max-snippet":"max-snippet:-1","max-image-preview":"max-image-preview:large","max-video-preview":"max-video-preview:-1"},"canonical":"https:\/\/www.gero.lu\/de\/faq\/wenn-der-mensch-vergisst-was-er-isst","og_locale":"de_DE","og_type":"article","og_title":"Wenn der Mensch vergisst, was er i(s)st","og_description":"1 Tag Deutsch Referent*in Markus Biedermann &nbsp; Interventionen aus K\u00fcche, Aktivierung und Pflege Bei fortschreitender Erkrankung und Ann\u00e4herung an den Tod ver\u00e4ndert sich f\u00fcr die Betroffenen der Umgang mit der Nahrung deutlich. Vieles, was fr\u00fcher wichtig war, verliert an Bedeutung. Hier spielen k\u00f6rperliche Aspekte wie fehlender Appetit, \u00dcbelkeit und Erbrechen eine Rolle. Auch die Formen [&hellip;]","og_url":"https:\/\/www.gero.lu\/de\/faq\/wenn-der-mensch-vergisst-was-er-isst","og_site_name":"GERO","article_publisher":"https:\/\/www.facebook.com\/Kompetenzzenter\/","article_modified_time":"2023-05-19T09:48:57+00:00","og_image":[{"width":1227,"height":802,"url":"https:\/\/www.gero.lu\/wp-content\/uploads\/2021\/08\/gettyimages-1135289130-2048x2048_RET-1.jpg","type":"image\/jpeg"}],"twitter_card":"summary_large_image","twitter_misc":{"Gesch\u00e4tzte Lesezeit":"1\u00a0Minute"},"schema":{"@context":"https:\/\/schema.org","@graph":[{"@type":"WebPage","@id":"https:\/\/www.gero.lu\/de\/faq\/wenn-der-mensch-vergisst-was-er-isst","url":"https:\/\/www.gero.lu\/de\/faq\/wenn-der-mensch-vergisst-was-er-isst","name":"Wenn der Mensch vergisst, was er i(s)st - GERO","isPartOf":{"@id":"https:\/\/www.gero.lu\/de\/#website"},"datePublished":"2023-05-12T15:00:42+00:00","dateModified":"2023-05-19T09:48:57+00:00","breadcrumb":{"@id":"https:\/\/www.gero.lu\/de\/faq\/wenn-der-mensch-vergisst-was-er-isst#breadcrumb"},"inLanguage":"de","potentialAction":[{"@type":"ReadAction","target":[["https:\/\/www.gero.lu\/de\/faq\/wenn-der-mensch-vergisst-was-er-isst"]]}]},{"@type":"BreadcrumbList","@id":"https:\/\/www.gero.lu\/de\/faq\/wenn-der-mensch-vergisst-was-er-isst#breadcrumb","itemListElement":[{"@type":"ListItem","position":1,"name":"Accueil","item":"https:\/\/www.gero.lu\/de\/"},{"@type":"ListItem","position":2,"name":"Wenn der Mensch vergisst, was er i(s)st"}]},{"@type":"WebSite","@id":"https:\/\/www.gero.lu\/de\/#website","url":"https:\/\/www.gero.lu\/de\/","name":"Gero","description":"Kompetenzzenter fir den Alter","publisher":{"@id":"https:\/\/www.gero.lu\/de\/#organization"},"potentialAction":[{"@type":"SearchAction","target":{"@type":"EntryPoint","urlTemplate":"https:\/\/www.gero.lu\/de\/?s={search_term_string}"},"query-input":{"@type":"PropertyValueSpecification","valueRequired":true,"valueName":"search_term_string"}}],"inLanguage":"de"},{"@type":"Organization","@id":"https:\/\/www.gero.lu\/de\/#organization","name":"Gero","url":"https:\/\/www.gero.lu\/de\/","logo":{"@type":"ImageObject","inLanguage":"de","@id":"https:\/\/www.gero.lu\/de\/#\/schema\/logo\/image\/","url":"https:\/\/www.gero.lu\/wp-content\/uploads\/2024\/04\/logo.svg","contentUrl":"https:\/\/www.gero.lu\/wp-content\/uploads\/2024\/04\/logo.svg","width":76,"height":30,"caption":"Gero"},"image":{"@id":"https:\/\/www.gero.lu\/de\/#\/schema\/logo\/image\/"},"sameAs":["https:\/\/www.facebook.com\/Kompetenzzenter\/","https:\/\/www.instagram.com\/gero.kompetenzzenter\/","https:\/\/linkedin.com\/company\/gero-kompetenzzenter-fir-den-alter","https:\/\/www.youtube.com\/channel\/UCJvmJYSeHh3dYQsLHZupj-Q"]}]}},"_links":{"self":[{"href":"https:\/\/www.gero.lu\/de\/wp-json\/wp\/v2\/faq\/5400","targetHints":{"allow":["GET"]}}],"collection":[{"href":"https:\/\/www.gero.lu\/de\/wp-json\/wp\/v2\/faq"}],"about":[{"href":"https:\/\/www.gero.lu\/de\/wp-json\/wp\/v2\/types\/faq"}],"wp:attachment":[{"href":"https:\/\/www.gero.lu\/de\/wp-json\/wp\/v2\/media?parent=5400"}],"wp:term":[{"taxonomy":"faq_cat","embeddable":true,"href":"https:\/\/www.gero.lu\/de\/wp-json\/wp\/v2\/faq_cat?post=5400"}],"curies":[{"name":"wp","href":"https:\/\/api.w.org\/{rel}","templated":true}]}}

<p><strong>1 Tag</strong></p>
<p><strong>Deutsch</strong></p>
<p><strong>Referent*in</strong><br />
<strong>Markus Biedermann</strong></p>
<p>&nbsp;</p>
<p><strong><em>Interventionen aus Küche, Aktivierung und Pfleg</em>e</strong></p>
<p>Bei fortschreitender Erkrankung und Annäherung an den Tod verändert sich für die Betroffenen der Umgang mit der Nahrung deutlich. Vieles, was früher wichtig war, verliert an Bedeutung. Hier spielen körperliche Aspekte wie fehlender Appetit, Übelkeit und Erbrechen eine Rolle. Auch die Formen und Möglichkeiten der Kommunikation und des Zusammenseins mit Anderen verändern sich. Bisher wichtige Rituale verlieren ihre Bedeutung oder müssen in ihrer Gestaltung verändert werden.</p>
<p><strong>Ziele</strong></p>
<p>Die Teilnehmenden</p>
<ul>
<li>sind vertraut mit Instrumenten zur Essenserfassung</li>
<li>erkennen Ursachen von Essensunlust</li>
<li>können das Essen so gestalten, dass die Bewohner*innen erfolgreich essen, bzw. eventuell wieder Lust am Essen haben</li>
<li>erkennen Machbares und Grenzen</li>
</ul>
<p><strong>Inhalte</strong></p>
<ul>
<li>Bioethische Prinzipien: Autonomie, Gutes tun, nicht schaden wollen, Gerechtigkeit</li>
<li>Mögliche Ursachen von Essensunlust (psychisch und physisch)</li>
<li>Von der Essbiografie und dem Warenkorb des täglichen Lebens</li>
<li>Von Finger Food bis Smooth Food</li>
<li>Essen als basale Stimulation</li>
<li>Möglichkeiten und Grenzen, Esskulturen zu gestalten</li>
</ul>
<p><strong>Zielgruppe</strong></p>
<p>Küchenverantwortliche, Küchen- und Servicemitarbeitende, Pflegende, die Patient*innen im Essensbereich betreuen / unterstützen</p>

<!-- This site is optimized with the Yoast SEO Premium plugin v27.4 (Yoast SEO v27.5) - https://yoast.com/product/yoast-seo-premium-wordpress/ -->
<title>Wenn der Mensch vergisst, was er i(s)st - GERO</title>
<meta name="robots" content="index, follow, max-snippet:-1, max-image-preview:large, max-video-preview:-1" />
<link rel="canonical" href="https://www.gero.lu/de/faq/wenn-der-mensch-vergisst-was-er-isst" />
<meta property="og:locale" content="de_DE" />
<meta property="og:type" content="article" />
<meta property="og:title" content="Wenn der Mensch vergisst, was er i(s)st" />
<meta property="og:description" content="1 Tag Deutsch Referent*in Markus Biedermann &nbsp; Interventionen aus Küche, Aktivierung und Pflege Bei fortschreitender Erkrankung und Annäherung an den Tod verändert sich für die Betroffenen der Umgang mit der Nahrung deutlich. Vieles, was früher wichtig war, verliert an Bedeutung. Hier spielen körperliche Aspekte wie fehlender Appetit, Übelkeit und Erbrechen eine Rolle. Auch die Formen [&hellip;]" />
<meta property="og:url" content="https://www.gero.lu/de/faq/wenn-der-mensch-vergisst-was-er-isst" />
<meta property="og:site_name" content="GERO" />
<meta property="article:publisher" content="https://www.facebook.com/Kompetenzzenter/" />
<meta property="article:modified_time" content="2023-05-19T09:48:57+00:00" />
<meta property="og:image" content="https://www.gero.lu/wp-content/uploads/2021/08/gettyimages-1135289130-2048x2048_RET-1.jpg" />
	<meta property="og:image:width" content="1227" />
	<meta property="og:image:height" content="802" />
	<meta property="og:image:type" content="image/jpeg" />
<meta name="twitter:card" content="summary_large_image" />
<meta name="twitter:label1" content="Geschätzte Lesezeit" />
	<meta name="twitter:data1" content="1 Minute" />
<script type="application/ld+json" class="yoast-schema-graph">{"@context":"https:\/\/schema.org","@graph":[{"@type":"WebPage","@id":"https:\/\/www.gero.lu\/de\/faq\/wenn-der-mensch-vergisst-was-er-isst","url":"https:\/\/www.gero.lu\/de\/faq\/wenn-der-mensch-vergisst-was-er-isst","name":"Wenn der Mensch vergisst, was er i(s)st - GERO","isPartOf":{"@id":"https:\/\/www.gero.lu\/de\/#website"},"datePublished":"2023-05-12T15:00:42+00:00","dateModified":"2023-05-19T09:48:57+00:00","breadcrumb":{"@id":"https:\/\/www.gero.lu\/de\/faq\/wenn-der-mensch-vergisst-was-er-isst#breadcrumb"},"inLanguage":"de","potentialAction":[{"@type":"ReadAction","target":[["https:\/\/www.gero.lu\/de\/faq\/wenn-der-mensch-vergisst-was-er-isst"]]}]},{"@type":"BreadcrumbList","@id":"https:\/\/www.gero.lu\/de\/faq\/wenn-der-mensch-vergisst-was-er-isst#breadcrumb","itemListElement":[{"@type":"ListItem","position":1,"name":"Accueil","item":"https:\/\/www.gero.lu\/de\/"},{"@type":"ListItem","position":2,"name":"Wenn der Mensch vergisst, was er i(s)st"}]},{"@type":"WebSite","@id":"https:\/\/www.gero.lu\/de\/#website","url":"https:\/\/www.gero.lu\/de\/","name":"Gero","description":"Kompetenzzenter fir den Alter","publisher":{"@id":"https:\/\/www.gero.lu\/de\/#organization"},"potentialAction":[{"@type":"SearchAction","target":{"@type":"EntryPoint","urlTemplate":"https:\/\/www.gero.lu\/de\/?s={search_term_string}"},"query-input":{"@type":"PropertyValueSpecification","valueRequired":true,"valueName":"search_term_string"}}],"inLanguage":"de"},{"@type":"Organization","@id":"https:\/\/www.gero.lu\/de\/#organization","name":"Gero","url":"https:\/\/www.gero.lu\/de\/","logo":{"@type":"ImageObject","inLanguage":"de","@id":"https:\/\/www.gero.lu\/de\/#\/schema\/logo\/image\/","url":"https:\/\/www.gero.lu\/wp-content\/uploads\/2024\/04\/logo.svg","contentUrl":"https:\/\/www.gero.lu\/wp-content\/uploads\/2024\/04\/logo.svg","width":76,"height":30,"caption":"Gero"},"image":{"@id":"https:\/\/www.gero.lu\/de\/#\/schema\/logo\/image\/"},"sameAs":["https:\/\/www.facebook.com\/Kompetenzzenter\/","https:\/\/www.instagram.com\/gero.kompetenzzenter\/","https:\/\/linkedin.com\/company\/gero-kompetenzzenter-fir-den-alter","https:\/\/www.youtube.com\/channel\/UCJvmJYSeHh3dYQsLHZupj-Q"]}]}</script>
<!-- / Yoast SEO Premium plugin. -->

1 Tag Deutsch Referent*in Markus Biedermann &nbsp; Interventionen aus Küche, Aktivierung und Pflege Bei fortschreitender Erkrankung und Annäherung an den Tod verändert sich für die Betroffenen der Umgang mit der Nahrung deutlich. Vieles, was früher wichtig war, verliert an Bedeutung. Hier spielen körperliche Aspekte wie fehlender Appetit, Übelkeit und Erbrechen eine Rolle. Auch die Formen [&hellip;]
