{"version":"1.0","provider_name":"GERO","provider_url":"https:\/\/www.gero.lu\/de","author_name":"abigail.menem@gero.lu","author_url":"https:\/\/www.gero.lu\/de\/author\/abigail-menemgero-lu","title":"Randonn\u00e9es - Luxembourg et ses environs","type":"rich","width":600,"height":338,"html":"<blockquote class=\"wp-embedded-content\" data-secret=\"kGUxCjemdp\"><a href=\"https:\/\/www.gero.lu\/de\/produit\/randonnees-luxembourg-et-ses-environs\">Randonn\u00e9es &#8211; Luxembourg et ses environs<\/a><\/blockquote><iframe sandbox=\"allow-scripts\" security=\"restricted\" src=\"https:\/\/www.gero.lu\/de\/produit\/randonnees-luxembourg-et-ses-environs\/embed#?secret=kGUxCjemdp\" width=\"600\" height=\"338\" title=\"&#8222;Randonn\u00e9es &#8211; Luxembourg et ses environs&#8220; &#8211; GERO\" data-secret=\"kGUxCjemdp\" frameborder=\"0\" marginwidth=\"0\" marginheight=\"0\" scrolling=\"no\" class=\"wp-embedded-content\"><\/iframe><script type=\"text\/javascript\">\n\/* <![CDATA[ *\/\n\/*! This file is auto-generated *\/\n!function(d,l){\"use strict\";l.querySelector&&d.addEventListener&&\"undefined\"!=typeof URL&&(d.wp=d.wp||{},d.wp.receiveEmbedMessage||(d.wp.receiveEmbedMessage=function(e){var t=e.data;if((t||t.secret||t.message||t.value)&&!\/[^a-zA-Z0-9]\/.test(t.secret)){for(var s,r,n,a=l.querySelectorAll('iframe[data-secret=\"'+t.secret+'\"]'),o=l.querySelectorAll('blockquote[data-secret=\"'+t.secret+'\"]'),c=new RegExp(\"^https?:$\",\"i\"),i=0;i<o.length;i++)o[i].style.display=\"none\";for(i=0;i<a.length;i++)s=a[i],e.source===s.contentWindow&&(s.removeAttribute(\"style\"),\"height\"===t.message?(1e3<(r=parseInt(t.value,10))?r=1e3:~~r<200&&(r=200),s.height=r):\"link\"===t.message&&(r=new URL(s.getAttribute(\"src\")),n=new URL(t.value),c.test(n.protocol))&&n.host===r.host&&l.activeElement===s&&(d.top.location.href=t.value))}},d.addEventListener(\"message\",d.wp.receiveEmbedMessage,!1),l.addEventListener(\"DOMContentLoaded\",function(){for(var e,t,s=l.querySelectorAll(\"iframe.wp-embedded-content\"),r=0;r<s.length;r++)(t=(e=s[r]).getAttribute(\"data-secret\"))||(t=Math.random().toString(36).substring(2,12),e.src+=\"#?secret=\"+t,e.setAttribute(\"data-secret\",t)),e.contentWindow.postMessage({message:\"ready\",secret:t},\"*\")},!1)))}(window,document);\n\/\/# sourceURL=https:\/\/www.gero.lu\/wp-includes\/js\/wp-embed.min.js\n\/* ]]> *\/\n<\/script>\n","thumbnail_url":"https:\/\/www.gero.lu\/wp-content\/uploads\/2025\/05\/Image-randonnees-1024x726.png","thumbnail_width":1024,"thumbnail_height":726,"description":"Colette Lacrosse, 70 ans accomplis et grande fan de randonn\u00e9e, vous invite \u00e0 partager des randonn\u00e9es \u00e0 Luxembourg et dans ses environs. Nous commencerons doucement afin de voir le niveau et les attentes des personnes inscrites pour pouvoir adapter les autres sorties. Nous avons pr\u00e9vu une randonn\u00e9e tous les 15 jours \u00e0 partir du 17 [&hellip;]"}

Randonnées - Luxembourg et ses environs

<blockquote class="wp-embedded-content" data-secret="kGUxCjemdp"><a href="https://www.gero.lu/de/produit/randonnees-luxembourg-et-ses-environs">Randonnées &#8211; Luxembourg et ses environs</a></blockquote><iframe sandbox="allow-scripts" security="restricted" src="https://www.gero.lu/de/produit/randonnees-luxembourg-et-ses-environs/embed#?secret=kGUxCjemdp" width="600" height="338" title="&#8222;Randonnées &#8211; Luxembourg et ses environs&#8220; &#8211; GERO" data-secret="kGUxCjemdp" frameborder="0" marginwidth="0" marginheight="0" scrolling="no" class="wp-embedded-content"></iframe><script type="text/javascript">
/* <![CDATA[ */
/*! This file is auto-generated */
!function(d,l){"use strict";l.querySelector&&d.addEventListener&&"undefined"!=typeof URL&&(d.wp=d.wp||{},d.wp.receiveEmbedMessage||(d.wp.receiveEmbedMessage=function(e){var t=e.data;if((t||t.secret||t.message||t.value)&&!/[^a-zA-Z0-9]/.test(t.secret)){for(var s,r,n,a=l.querySelectorAll('iframe[data-secret="'+t.secret+'"]'),o=l.querySelectorAll('blockquote[data-secret="'+t.secret+'"]'),c=new RegExp("^https?:$","i"),i=0;i<o.length;i++)o[i].style.display="none";for(i=0;i<a.length;i++)s=a[i],e.source===s.contentWindow&&(s.removeAttribute("style"),"height"===t.message?(1e3<(r=parseInt(t.value,10))?r=1e3:~~r<200&&(r=200),s.height=r):"link"===t.message&&(r=new URL(s.getAttribute("src")),n=new URL(t.value),c.test(n.protocol))&&n.host===r.host&&l.activeElement===s&&(d.top.location.href=t.value))}},d.addEventListener("message",d.wp.receiveEmbedMessage,!1),l.addEventListener("DOMContentLoaded",function(){for(var e,t,s=l.querySelectorAll("iframe.wp-embedded-content"),r=0;r<s.length;r++)(t=(e=s[r]).getAttribute("data-secret"))||(t=Math.random().toString(36).substring(2,12),e.src+="#?secret="+t,e.setAttribute("data-secret",t)),e.contentWindow.postMessage({message:"ready",secret:t},"*")},!1)))}(window,document);
//# sourceURL=https://www.gero.lu/wp-includes/js/wp-embed.min.js
/* ]]> */
</script>

Colette Lacrosse, 70 ans accomplis et grande fan de randonnée, vous invite à partager des randonnées à Luxembourg et dans ses environs. Nous commencerons doucement afin de voir le niveau et les attentes des personnes inscrites pour pouvoir adapter les autres sorties. Nous avons prévu une randonnée tous les 15 jours à partir du 17 [&hellip;]
