{"version":"1.0","provider_name":"GERO","provider_url":"https:\/\/www.gero.lu\/de","author_name":"alain.brever@gero.lu","author_url":"https:\/\/www.gero.lu\/de\/author\/alain-brevergero-lu","title":"Nur vergesslich oder schon dement? \/ Simple oubli ou d\u00e9mence?","type":"rich","width":600,"height":338,"html":"<blockquote class=\"wp-embedded-content\" data-secret=\"ze12yo47Ol\"><a href=\"https:\/\/www.gero.lu\/de\/produit\/nur-vergesslich-oder-schon-dement\">Nur vergesslich oder schon dement? \/ Simple oubli ou d\u00e9mence?<\/a><\/blockquote><iframe sandbox=\"allow-scripts\" security=\"restricted\" src=\"https:\/\/www.gero.lu\/de\/produit\/nur-vergesslich-oder-schon-dement\/embed#?secret=ze12yo47Ol\" width=\"600\" height=\"338\" title=\"&#8222;Nur vergesslich oder schon dement? \/ Simple oubli ou d\u00e9mence?&#8220; &#8211; GERO\" data-secret=\"ze12yo47Ol\" frameborder=\"0\" marginwidth=\"0\" marginheight=\"0\" scrolling=\"no\" class=\"wp-embedded-content\"><\/iframe><script type=\"text\/javascript\">\n\/* <![CDATA[ *\/\n\/*! This file is auto-generated *\/\n!function(d,l){\"use strict\";l.querySelector&&d.addEventListener&&\"undefined\"!=typeof URL&&(d.wp=d.wp||{},d.wp.receiveEmbedMessage||(d.wp.receiveEmbedMessage=function(e){var t=e.data;if((t||t.secret||t.message||t.value)&&!\/[^a-zA-Z0-9]\/.test(t.secret)){for(var s,r,n,a=l.querySelectorAll('iframe[data-secret=\"'+t.secret+'\"]'),o=l.querySelectorAll('blockquote[data-secret=\"'+t.secret+'\"]'),c=new RegExp(\"^https?:$\",\"i\"),i=0;i<o.length;i++)o[i].style.display=\"none\";for(i=0;i<a.length;i++)s=a[i],e.source===s.contentWindow&&(s.removeAttribute(\"style\"),\"height\"===t.message?(1e3<(r=parseInt(t.value,10))?r=1e3:~~r<200&&(r=200),s.height=r):\"link\"===t.message&&(r=new URL(s.getAttribute(\"src\")),n=new URL(t.value),c.test(n.protocol))&&n.host===r.host&&l.activeElement===s&&(d.top.location.href=t.value))}},d.addEventListener(\"message\",d.wp.receiveEmbedMessage,!1),l.addEventListener(\"DOMContentLoaded\",function(){for(var e,t,s=l.querySelectorAll(\"iframe.wp-embedded-content\"),r=0;r<s.length;r++)(t=(e=s[r]).getAttribute(\"data-secret\"))||(t=Math.random().toString(36).substring(2,12),e.src+=\"#?secret=\"+t,e.setAttribute(\"data-secret\",t)),e.contentWindow.postMessage({message:\"ready\",secret:t},\"*\")},!1)))}(window,document);\n\/\/# sourceURL=https:\/\/www.gero.lu\/wp-includes\/js\/wp-embed.min.js\n\/* ]]> *\/\n<\/script>\n","thumbnail_url":"https:\/\/www.gero.lu\/wp-content\/uploads\/2023\/03\/Fotolia_180645195_L.jpg","thumbnail_width":1920,"thumbnail_height":1335,"description":"DE Vergesslichkeit und die daraus entstehende Angst vor Demenz, ist ein Thema, das sowohl \u00e4ltere auch j\u00fcngere Menschen betrifft. Die Aufkl\u00e4rung in Sachen \u201enur\u201c Vergesslichkeit oder doch Demenz ist daher sehr wichtig. In dem Vortrag von Christine Dahm (Direktionsbeauftragte Info-Zenter Demenz) wird u.a. behandelt was Demenz eigentlich ist, ob man sich vor ihr sch\u00fctzen kann [&hellip;]"}

Nur vergesslich oder schon dement? / Simple oubli ou démence?

<blockquote class="wp-embedded-content" data-secret="ze12yo47Ol"><a href="https://www.gero.lu/de/produit/nur-vergesslich-oder-schon-dement">Nur vergesslich oder schon dement? / Simple oubli ou démence?</a></blockquote><iframe sandbox="allow-scripts" security="restricted" src="https://www.gero.lu/de/produit/nur-vergesslich-oder-schon-dement/embed#?secret=ze12yo47Ol" width="600" height="338" title="&#8222;Nur vergesslich oder schon dement? / Simple oubli ou démence?&#8220; &#8211; GERO" data-secret="ze12yo47Ol" frameborder="0" marginwidth="0" marginheight="0" scrolling="no" class="wp-embedded-content"></iframe><script type="text/javascript">
/* <![CDATA[ */
/*! This file is auto-generated */
!function(d,l){"use strict";l.querySelector&&d.addEventListener&&"undefined"!=typeof URL&&(d.wp=d.wp||{},d.wp.receiveEmbedMessage||(d.wp.receiveEmbedMessage=function(e){var t=e.data;if((t||t.secret||t.message||t.value)&&!/[^a-zA-Z0-9]/.test(t.secret)){for(var s,r,n,a=l.querySelectorAll('iframe[data-secret="'+t.secret+'"]'),o=l.querySelectorAll('blockquote[data-secret="'+t.secret+'"]'),c=new RegExp("^https?:$","i"),i=0;i<o.length;i++)o[i].style.display="none";for(i=0;i<a.length;i++)s=a[i],e.source===s.contentWindow&&(s.removeAttribute("style"),"height"===t.message?(1e3<(r=parseInt(t.value,10))?r=1e3:~~r<200&&(r=200),s.height=r):"link"===t.message&&(r=new URL(s.getAttribute("src")),n=new URL(t.value),c.test(n.protocol))&&n.host===r.host&&l.activeElement===s&&(d.top.location.href=t.value))}},d.addEventListener("message",d.wp.receiveEmbedMessage,!1),l.addEventListener("DOMContentLoaded",function(){for(var e,t,s=l.querySelectorAll("iframe.wp-embedded-content"),r=0;r<s.length;r++)(t=(e=s[r]).getAttribute("data-secret"))||(t=Math.random().toString(36).substring(2,12),e.src+="#?secret="+t,e.setAttribute("data-secret",t)),e.contentWindow.postMessage({message:"ready",secret:t},"*")},!1)))}(window,document);
//# sourceURL=https://www.gero.lu/wp-includes/js/wp-embed.min.js
/* ]]> */
</script>

DE Vergesslichkeit und die daraus entstehende Angst vor Demenz, ist ein Thema, das sowohl ältere auch jüngere Menschen betrifft. Die Aufklärung in Sachen „nur“ Vergesslichkeit oder doch Demenz ist daher sehr wichtig. In dem Vortrag von Christine Dahm (Direktionsbeauftragte Info-Zenter Demenz) wird u.a. behandelt was Demenz eigentlich ist, ob man sich vor ihr schützen kann [&hellip;]
