{"version":"1.0","provider_name":"GERO","provider_url":"https:\/\/www.gero.lu\/de","author_name":"abigail.menem@gero.lu","author_url":"https:\/\/www.gero.lu\/de\/author\/abigail-menemgero-lu","title":"Nationalmuseum Luxemburger Milit\u00e4rgeschichte","type":"rich","width":600,"height":338,"html":"<blockquote class=\"wp-embedded-content\" data-secret=\"BDosT89ZJG\"><a href=\"https:\/\/www.gero.lu\/de\/produit\/nationalmuseum-luxemburger-militargeschichte\">Nationalmuseum Luxemburger Milit\u00e4rgeschichte<\/a><\/blockquote><iframe sandbox=\"allow-scripts\" security=\"restricted\" src=\"https:\/\/www.gero.lu\/de\/produit\/nationalmuseum-luxemburger-militargeschichte\/embed#?secret=BDosT89ZJG\" width=\"600\" height=\"338\" title=\"&#8222;Nationalmuseum Luxemburger Milit\u00e4rgeschichte&#8220; &#8211; GERO\" data-secret=\"BDosT89ZJG\" frameborder=\"0\" marginwidth=\"0\" marginheight=\"0\" scrolling=\"no\" class=\"wp-embedded-content\"><\/iframe><script type=\"text\/javascript\">\n\/* <![CDATA[ *\/\n\/*! This file is auto-generated *\/\n!function(d,l){\"use strict\";l.querySelector&&d.addEventListener&&\"undefined\"!=typeof URL&&(d.wp=d.wp||{},d.wp.receiveEmbedMessage||(d.wp.receiveEmbedMessage=function(e){var t=e.data;if((t||t.secret||t.message||t.value)&&!\/[^a-zA-Z0-9]\/.test(t.secret)){for(var s,r,n,a=l.querySelectorAll('iframe[data-secret=\"'+t.secret+'\"]'),o=l.querySelectorAll('blockquote[data-secret=\"'+t.secret+'\"]'),c=new RegExp(\"^https?:$\",\"i\"),i=0;i<o.length;i++)o[i].style.display=\"none\";for(i=0;i<a.length;i++)s=a[i],e.source===s.contentWindow&&(s.removeAttribute(\"style\"),\"height\"===t.message?(1e3<(r=parseInt(t.value,10))?r=1e3:~~r<200&&(r=200),s.height=r):\"link\"===t.message&&(r=new URL(s.getAttribute(\"src\")),n=new URL(t.value),c.test(n.protocol))&&n.host===r.host&&l.activeElement===s&&(d.top.location.href=t.value))}},d.addEventListener(\"message\",d.wp.receiveEmbedMessage,!1),l.addEventListener(\"DOMContentLoaded\",function(){for(var e,t,s=l.querySelectorAll(\"iframe.wp-embedded-content\"),r=0;r<s.length;r++)(t=(e=s[r]).getAttribute(\"data-secret\"))||(t=Math.random().toString(36).substring(2,12),e.src+=\"#?secret=\"+t,e.setAttribute(\"data-secret\",t)),e.contentWindow.postMessage({message:\"ready\",secret:t},\"*\")},!1)))}(window,document);\n\/\/# sourceURL=https:\/\/www.gero.lu\/wp-includes\/js\/wp-embed.min.js\n\/* ]]> *\/\n<\/script>\n","thumbnail_url":"https:\/\/www.gero.lu\/wp-content\/uploads\/2025\/08\/2022_01_25-musee_militaire_diekirch-013_jhb0010.jpg","thumbnail_width":1920,"thumbnail_height":1278,"description":"Das Mus\u00e9e National d\u2019Histoire Militaire in Diekirch erlaubt anhand zahlreicher Dioramen und Exponate einen spannenden Einblick in die dramatischen und tragischen Situationen, in der sich sowohl Soldaten als auch Zivilisten w\u00e4hrend des Zweiten Weltkriegs befanden. Herzst\u00fcck des Museums ist die detailgetreue Nachbildung der n\u00e4chtlichen Sauer\u00fcberquerung w\u00e4hrend der Ardennenoffensive bei Diekirch am 18. Januar 1945 durch [&hellip;]"}

Nationalmuseum Luxemburger Militärgeschichte

<blockquote class="wp-embedded-content" data-secret="BDosT89ZJG"><a href="https://www.gero.lu/de/produit/nationalmuseum-luxemburger-militargeschichte">Nationalmuseum Luxemburger Militärgeschichte</a></blockquote><iframe sandbox="allow-scripts" security="restricted" src="https://www.gero.lu/de/produit/nationalmuseum-luxemburger-militargeschichte/embed#?secret=BDosT89ZJG" width="600" height="338" title="&#8222;Nationalmuseum Luxemburger Militärgeschichte&#8220; &#8211; GERO" data-secret="BDosT89ZJG" frameborder="0" marginwidth="0" marginheight="0" scrolling="no" class="wp-embedded-content"></iframe><script type="text/javascript">
/* <![CDATA[ */
/*! This file is auto-generated */
!function(d,l){"use strict";l.querySelector&&d.addEventListener&&"undefined"!=typeof URL&&(d.wp=d.wp||{},d.wp.receiveEmbedMessage||(d.wp.receiveEmbedMessage=function(e){var t=e.data;if((t||t.secret||t.message||t.value)&&!/[^a-zA-Z0-9]/.test(t.secret)){for(var s,r,n,a=l.querySelectorAll('iframe[data-secret="'+t.secret+'"]'),o=l.querySelectorAll('blockquote[data-secret="'+t.secret+'"]'),c=new RegExp("^https?:$","i"),i=0;i<o.length;i++)o[i].style.display="none";for(i=0;i<a.length;i++)s=a[i],e.source===s.contentWindow&&(s.removeAttribute("style"),"height"===t.message?(1e3<(r=parseInt(t.value,10))?r=1e3:~~r<200&&(r=200),s.height=r):"link"===t.message&&(r=new URL(s.getAttribute("src")),n=new URL(t.value),c.test(n.protocol))&&n.host===r.host&&l.activeElement===s&&(d.top.location.href=t.value))}},d.addEventListener("message",d.wp.receiveEmbedMessage,!1),l.addEventListener("DOMContentLoaded",function(){for(var e,t,s=l.querySelectorAll("iframe.wp-embedded-content"),r=0;r<s.length;r++)(t=(e=s[r]).getAttribute("data-secret"))||(t=Math.random().toString(36).substring(2,12),e.src+="#?secret="+t,e.setAttribute("data-secret",t)),e.contentWindow.postMessage({message:"ready",secret:t},"*")},!1)))}(window,document);
//# sourceURL=https://www.gero.lu/wp-includes/js/wp-embed.min.js
/* ]]> */
</script>

Das Musée National d’Histoire Militaire in Diekirch erlaubt anhand zahlreicher Dioramen und Exponate einen spannenden Einblick in die dramatischen und tragischen Situationen, in der sich sowohl Soldaten als auch Zivilisten während des Zweiten Weltkriegs befanden. Herzstück des Museums ist die detailgetreue Nachbildung der nächtlichen Sauerüberquerung während der Ardennenoffensive bei Diekirch am 18. Januar 1945 durch [&hellip;]
