{"version":"1.0","provider_name":"GERO","provider_url":"https:\/\/www.gero.lu\/de","author_name":"abigail.menem@gero.lu","author_url":"https:\/\/www.gero.lu\/de\/author\/abigail-menemgero-lu","title":"Journ\u00e9e internationale des personnes \u00e2g\u00e9es (Groupe de discussion avec Katy Fox)","type":"rich","width":600,"height":338,"html":"<blockquote class=\"wp-embedded-content\" data-secret=\"pJA28K5faF\"><a href=\"https:\/\/www.gero.lu\/de\/produit\/journee-internationale-des-personnes-agees\">Journ\u00e9e internationale des personnes \u00e2g\u00e9es (Groupe de discussion avec Katy Fox)<\/a><\/blockquote><iframe sandbox=\"allow-scripts\" security=\"restricted\" src=\"https:\/\/www.gero.lu\/de\/produit\/journee-internationale-des-personnes-agees\/embed#?secret=pJA28K5faF\" width=\"600\" height=\"338\" title=\"&#8222;Journ\u00e9e internationale des personnes \u00e2g\u00e9es (Groupe de discussion avec Katy Fox)&#8220; &#8211; GERO\" data-secret=\"pJA28K5faF\" frameborder=\"0\" marginwidth=\"0\" marginheight=\"0\" scrolling=\"no\" class=\"wp-embedded-content\"><\/iframe><script type=\"text\/javascript\">\n\/* <![CDATA[ *\/\n\/*! This file is auto-generated *\/\n!function(d,l){\"use strict\";l.querySelector&&d.addEventListener&&\"undefined\"!=typeof URL&&(d.wp=d.wp||{},d.wp.receiveEmbedMessage||(d.wp.receiveEmbedMessage=function(e){var t=e.data;if((t||t.secret||t.message||t.value)&&!\/[^a-zA-Z0-9]\/.test(t.secret)){for(var s,r,n,a=l.querySelectorAll('iframe[data-secret=\"'+t.secret+'\"]'),o=l.querySelectorAll('blockquote[data-secret=\"'+t.secret+'\"]'),c=new RegExp(\"^https?:$\",\"i\"),i=0;i<o.length;i++)o[i].style.display=\"none\";for(i=0;i<a.length;i++)s=a[i],e.source===s.contentWindow&&(s.removeAttribute(\"style\"),\"height\"===t.message?(1e3<(r=parseInt(t.value,10))?r=1e3:~~r<200&&(r=200),s.height=r):\"link\"===t.message&&(r=new URL(s.getAttribute(\"src\")),n=new URL(t.value),c.test(n.protocol))&&n.host===r.host&&l.activeElement===s&&(d.top.location.href=t.value))}},d.addEventListener(\"message\",d.wp.receiveEmbedMessage,!1),l.addEventListener(\"DOMContentLoaded\",function(){for(var e,t,s=l.querySelectorAll(\"iframe.wp-embedded-content\"),r=0;r<s.length;r++)(t=(e=s[r]).getAttribute(\"data-secret\"))||(t=Math.random().toString(36).substring(2,12),e.src+=\"#?secret=\"+t,e.setAttribute(\"data-secret\",t)),e.contentWindow.postMessage({message:\"ready\",secret:t},\"*\")},!1)))}(window,document);\n\/\/# sourceURL=https:\/\/www.gero.lu\/wp-includes\/js\/wp-embed.min.js\n\/* ]]> *\/\n<\/script>\n","description":"Anmeldung zur Diskussionsrunde mit Katy FOX von Mycelium. W\u00e4hrend der Diskussionsrunde werden wir versuchen, das Thema der Diversit\u00e4t im Hinblick auf Senioren genauer zu diskutieren. Begleitet von einer professionellen Moderation m\u00f6chten wir in einer Gruppe mit Jugendlichen und Senioren den Begriff analysieren und eine Bestandsaufnahme der Situation in Luxemburg vornehmen sowie Erfahrungen austauschen und uns [&hellip;]","thumbnail_url":"https:\/\/www.gero.lu\/wp-content\/uploads\/2021\/08\/gettyimages-1135289130-2048x2048_RET-1.jpg","thumbnail_width":1227,"thumbnail_height":802}

Journée internationale des personnes âgées (Groupe de discussion avec Katy Fox)

<blockquote class="wp-embedded-content" data-secret="pJA28K5faF"><a href="https://www.gero.lu/de/produit/journee-internationale-des-personnes-agees">Journée internationale des personnes âgées (Groupe de discussion avec Katy Fox)</a></blockquote><iframe sandbox="allow-scripts" security="restricted" src="https://www.gero.lu/de/produit/journee-internationale-des-personnes-agees/embed#?secret=pJA28K5faF" width="600" height="338" title="&#8222;Journée internationale des personnes âgées (Groupe de discussion avec Katy Fox)&#8220; &#8211; GERO" data-secret="pJA28K5faF" frameborder="0" marginwidth="0" marginheight="0" scrolling="no" class="wp-embedded-content"></iframe><script type="text/javascript">
/* <![CDATA[ */
/*! This file is auto-generated */
!function(d,l){"use strict";l.querySelector&&d.addEventListener&&"undefined"!=typeof URL&&(d.wp=d.wp||{},d.wp.receiveEmbedMessage||(d.wp.receiveEmbedMessage=function(e){var t=e.data;if((t||t.secret||t.message||t.value)&&!/[^a-zA-Z0-9]/.test(t.secret)){for(var s,r,n,a=l.querySelectorAll('iframe[data-secret="'+t.secret+'"]'),o=l.querySelectorAll('blockquote[data-secret="'+t.secret+'"]'),c=new RegExp("^https?:$","i"),i=0;i<o.length;i++)o[i].style.display="none";for(i=0;i<a.length;i++)s=a[i],e.source===s.contentWindow&&(s.removeAttribute("style"),"height"===t.message?(1e3<(r=parseInt(t.value,10))?r=1e3:~~r<200&&(r=200),s.height=r):"link"===t.message&&(r=new URL(s.getAttribute("src")),n=new URL(t.value),c.test(n.protocol))&&n.host===r.host&&l.activeElement===s&&(d.top.location.href=t.value))}},d.addEventListener("message",d.wp.receiveEmbedMessage,!1),l.addEventListener("DOMContentLoaded",function(){for(var e,t,s=l.querySelectorAll("iframe.wp-embedded-content"),r=0;r<s.length;r++)(t=(e=s[r]).getAttribute("data-secret"))||(t=Math.random().toString(36).substring(2,12),e.src+="#?secret="+t,e.setAttribute("data-secret",t)),e.contentWindow.postMessage({message:"ready",secret:t},"*")},!1)))}(window,document);
//# sourceURL=https://www.gero.lu/wp-includes/js/wp-embed.min.js
/* ]]> */
</script>

Anmeldung zur Diskussionsrunde mit Katy FOX von Mycelium. Während der Diskussionsrunde werden wir versuchen, das Thema der Diversität im Hinblick auf Senioren genauer zu diskutieren. Begleitet von einer professionellen Moderation möchten wir in einer Gruppe mit Jugendlichen und Senioren den Begriff analysieren und eine Bestandsaufnahme der Situation in Luxemburg vornehmen sowie Erfahrungen austauschen und uns [&hellip;]
