{"version":"1.0","provider_name":"GERO","provider_url":"https:\/\/www.gero.lu\/de","author_name":"abigail.menem@gero.lu","author_url":"https:\/\/www.gero.lu\/de\/author\/abigail-menemgero-lu","title":"ABGESAGT !!! Geschlechtsidentit\u00e4t und Alter: Beides bleibt lebendig","type":"rich","width":600,"height":338,"html":"<blockquote class=\"wp-embedded-content\" data-secret=\"I61cYr3crk\"><a href=\"https:\/\/www.gero.lu\/de\/produit\/geschlechtsidentitat-und-alter-beides-bleibt-lebendig\">ABGESAGT !!! Geschlechtsidentit\u00e4t und Alter: Beides bleibt lebendig<\/a><\/blockquote><iframe sandbox=\"allow-scripts\" security=\"restricted\" src=\"https:\/\/www.gero.lu\/de\/produit\/geschlechtsidentitat-und-alter-beides-bleibt-lebendig\/embed#?secret=I61cYr3crk\" width=\"600\" height=\"338\" title=\"&#8222;ABGESAGT !!! Geschlechtsidentit\u00e4t und Alter: Beides bleibt lebendig&#8220; &#8211; GERO\" data-secret=\"I61cYr3crk\" frameborder=\"0\" marginwidth=\"0\" marginheight=\"0\" scrolling=\"no\" class=\"wp-embedded-content\"><\/iframe><script type=\"text\/javascript\">\n\/* <![CDATA[ *\/\n\/*! This file is auto-generated *\/\n!function(d,l){\"use strict\";l.querySelector&&d.addEventListener&&\"undefined\"!=typeof URL&&(d.wp=d.wp||{},d.wp.receiveEmbedMessage||(d.wp.receiveEmbedMessage=function(e){var t=e.data;if((t||t.secret||t.message||t.value)&&!\/[^a-zA-Z0-9]\/.test(t.secret)){for(var s,r,n,a=l.querySelectorAll('iframe[data-secret=\"'+t.secret+'\"]'),o=l.querySelectorAll('blockquote[data-secret=\"'+t.secret+'\"]'),c=new RegExp(\"^https?:$\",\"i\"),i=0;i<o.length;i++)o[i].style.display=\"none\";for(i=0;i<a.length;i++)s=a[i],e.source===s.contentWindow&&(s.removeAttribute(\"style\"),\"height\"===t.message?(1e3<(r=parseInt(t.value,10))?r=1e3:~~r<200&&(r=200),s.height=r):\"link\"===t.message&&(r=new URL(s.getAttribute(\"src\")),n=new URL(t.value),c.test(n.protocol))&&n.host===r.host&&l.activeElement===s&&(d.top.location.href=t.value))}},d.addEventListener(\"message\",d.wp.receiveEmbedMessage,!1),l.addEventListener(\"DOMContentLoaded\",function(){for(var e,t,s=l.querySelectorAll(\"iframe.wp-embedded-content\"),r=0;r<s.length;r++)(t=(e=s[r]).getAttribute(\"data-secret\"))||(t=Math.random().toString(36).substring(2,12),e.src+=\"#?secret=\"+t,e.setAttribute(\"data-secret\",t)),e.contentWindow.postMessage({message:\"ready\",secret:t},\"*\")},!1)))}(window,document);\n\/\/# sourceURL=https:\/\/www.gero.lu\/wp-includes\/js\/wp-embed.min.js\n\/* ]]> *\/\n<\/script>\n","description":"GERO m\u00f6chte Impulse setzen f\u00fcr die Akzeptanz und Wertsch\u00e4tzung von Diversit\u00e4t und geschlechtlicher Vielfalt im Alter. Dieses Jahr steht die Fachtagung von geroRESEARCH daher ganz im Zeichen dieser Thematik und legt den Fokus die Aspekte: Was bedeutet Geschlechtervielfalt? Warum ist Geschlechtsidentit\u00e4t auch ein Altersthema? Wie kann ein diversit\u00e4tssensibler Umgang in der Pflege und Gesundheitsversorgung gef\u00f6rdert [&hellip;]","thumbnail_url":"https:\/\/www.gero.lu\/wp-content\/uploads\/2021\/08\/gettyimages-1135289130-2048x2048_RET-1.jpg","thumbnail_width":1227,"thumbnail_height":802}

ABGESAGT !!! Geschlechtsidentität und Alter: Beides bleibt lebendig

<blockquote class="wp-embedded-content" data-secret="I61cYr3crk"><a href="https://www.gero.lu/de/produit/geschlechtsidentitat-und-alter-beides-bleibt-lebendig">ABGESAGT !!! Geschlechtsidentität und Alter: Beides bleibt lebendig</a></blockquote><iframe sandbox="allow-scripts" security="restricted" src="https://www.gero.lu/de/produit/geschlechtsidentitat-und-alter-beides-bleibt-lebendig/embed#?secret=I61cYr3crk" width="600" height="338" title="&#8222;ABGESAGT !!! Geschlechtsidentität und Alter: Beides bleibt lebendig&#8220; &#8211; GERO" data-secret="I61cYr3crk" frameborder="0" marginwidth="0" marginheight="0" scrolling="no" class="wp-embedded-content"></iframe><script type="text/javascript">
/* <![CDATA[ */
/*! This file is auto-generated */
!function(d,l){"use strict";l.querySelector&&d.addEventListener&&"undefined"!=typeof URL&&(d.wp=d.wp||{},d.wp.receiveEmbedMessage||(d.wp.receiveEmbedMessage=function(e){var t=e.data;if((t||t.secret||t.message||t.value)&&!/[^a-zA-Z0-9]/.test(t.secret)){for(var s,r,n,a=l.querySelectorAll('iframe[data-secret="'+t.secret+'"]'),o=l.querySelectorAll('blockquote[data-secret="'+t.secret+'"]'),c=new RegExp("^https?:$","i"),i=0;i<o.length;i++)o[i].style.display="none";for(i=0;i<a.length;i++)s=a[i],e.source===s.contentWindow&&(s.removeAttribute("style"),"height"===t.message?(1e3<(r=parseInt(t.value,10))?r=1e3:~~r<200&&(r=200),s.height=r):"link"===t.message&&(r=new URL(s.getAttribute("src")),n=new URL(t.value),c.test(n.protocol))&&n.host===r.host&&l.activeElement===s&&(d.top.location.href=t.value))}},d.addEventListener("message",d.wp.receiveEmbedMessage,!1),l.addEventListener("DOMContentLoaded",function(){for(var e,t,s=l.querySelectorAll("iframe.wp-embedded-content"),r=0;r<s.length;r++)(t=(e=s[r]).getAttribute("data-secret"))||(t=Math.random().toString(36).substring(2,12),e.src+="#?secret="+t,e.setAttribute("data-secret",t)),e.contentWindow.postMessage({message:"ready",secret:t},"*")},!1)))}(window,document);
//# sourceURL=https://www.gero.lu/wp-includes/js/wp-embed.min.js
/* ]]> */
</script>

GERO möchte Impulse setzen für die Akzeptanz und Wertschätzung von Diversität und geschlechtlicher Vielfalt im Alter. Dieses Jahr steht die Fachtagung von geroRESEARCH daher ganz im Zeichen dieser Thematik und legt den Fokus die Aspekte: Was bedeutet Geschlechtervielfalt? Warum ist Geschlechtsidentität auch ein Altersthema? Wie kann ein diversitätssensibler Umgang in der Pflege und Gesundheitsversorgung gefördert [&hellip;]
