{"version":"1.0","provider_name":"GERO","provider_url":"https:\/\/www.gero.lu\/de","author_name":"GERO","author_url":"https:\/\/www.gero.lu\/de","title":"Formation pour Formateurs","type":"rich","width":600,"height":338,"html":"<blockquote class=\"wp-embedded-content\" data-secret=\"fsBivh4qfc\"><a href=\"https:\/\/www.gero.lu\/de\/produit\/formation-pour-formateurs-2\">Formation pour Formateurs<\/a><\/blockquote><iframe sandbox=\"allow-scripts\" security=\"restricted\" src=\"https:\/\/www.gero.lu\/de\/produit\/formation-pour-formateurs-2\/embed#?secret=fsBivh4qfc\" width=\"600\" height=\"338\" title=\"&#8222;Formation pour Formateurs&#8220; &#8211; GERO\" data-secret=\"fsBivh4qfc\" frameborder=\"0\" marginwidth=\"0\" marginheight=\"0\" scrolling=\"no\" class=\"wp-embedded-content\"><\/iframe><script type=\"text\/javascript\">\n\/* <![CDATA[ *\/\n\/*! This file is auto-generated *\/\n!function(d,l){\"use strict\";l.querySelector&&d.addEventListener&&\"undefined\"!=typeof URL&&(d.wp=d.wp||{},d.wp.receiveEmbedMessage||(d.wp.receiveEmbedMessage=function(e){var t=e.data;if((t||t.secret||t.message||t.value)&&!\/[^a-zA-Z0-9]\/.test(t.secret)){for(var s,r,n,a=l.querySelectorAll('iframe[data-secret=\"'+t.secret+'\"]'),o=l.querySelectorAll('blockquote[data-secret=\"'+t.secret+'\"]'),c=new RegExp(\"^https?:$\",\"i\"),i=0;i<o.length;i++)o[i].style.display=\"none\";for(i=0;i<a.length;i++)s=a[i],e.source===s.contentWindow&&(s.removeAttribute(\"style\"),\"height\"===t.message?(1e3<(r=parseInt(t.value,10))?r=1e3:~~r<200&&(r=200),s.height=r):\"link\"===t.message&&(r=new URL(s.getAttribute(\"src\")),n=new URL(t.value),c.test(n.protocol))&&n.host===r.host&&l.activeElement===s&&(d.top.location.href=t.value))}},d.addEventListener(\"message\",d.wp.receiveEmbedMessage,!1),l.addEventListener(\"DOMContentLoaded\",function(){for(var e,t,s=l.querySelectorAll(\"iframe.wp-embedded-content\"),r=0;r<s.length;r++)(t=(e=s[r]).getAttribute(\"data-secret\"))||(t=Math.random().toString(36).substring(2,12),e.src+=\"#?secret=\"+t,e.setAttribute(\"data-secret\",t)),e.contentWindow.postMessage({message:\"ready\",secret:t},\"*\")},!1)))}(window,document);\n\/\/# sourceURL=https:\/\/www.gero.lu\/wp-includes\/js\/wp-embed.min.js\n\/* ]]> *\/\n<\/script>\n","description":"Ma\u00eetriser l\u2019art de la formation Cette formation en deux jours est con\u00e7ue pour vous armer des comp\u00e9tences essentielles n\u00e9cessaires pour cr\u00e9er et animer des sessions de formation exceptionnelles. Elle est propos\u00e9e dans le cadre de la nouvelle loi du 23 ao\u00fbt 2023 portant sur la qualit\u00e9 des services pour personnes \u00e2g\u00e9es. Cette formation sur deux [&hellip;]","thumbnail_url":"https:\/\/www.gero.lu\/wp-content\/uploads\/2021\/08\/gettyimages-1135289130-2048x2048_RET-1.jpg","thumbnail_width":1227,"thumbnail_height":802}

Maîtriser l’art de la formation Cette formation en deux jours est conçue pour vous armer des compétences essentielles nécessaires pour créer et animer des sessions de formation exceptionnelles. Elle est proposée dans le cadre de la nouvelle loi du 23 août 2023 portant sur la qualité des services pour personnes âgées. Cette formation sur deux [&hellip;]
