{"version":"1.0","provider_name":"GERO","provider_url":"https:\/\/www.gero.lu\/de","author_name":"abigail.menem@gero.lu","author_url":"https:\/\/www.gero.lu\/de\/author\/abigail-menemgero-lu","title":"Das Demenz Balance Modell \u00a9","type":"rich","width":600,"height":338,"html":"<blockquote class=\"wp-embedded-content\" data-secret=\"lZdmMRxFzy\"><a href=\"https:\/\/www.gero.lu\/de\/produit\/das-demenz-balance-modell\">Das Demenz Balance Modell \u00a9<\/a><\/blockquote><iframe sandbox=\"allow-scripts\" security=\"restricted\" src=\"https:\/\/www.gero.lu\/de\/produit\/das-demenz-balance-modell\/embed#?secret=lZdmMRxFzy\" width=\"600\" height=\"338\" title=\"&#8222;Das Demenz Balance Modell \u00a9&#8220; &#8211; GERO\" data-secret=\"lZdmMRxFzy\" frameborder=\"0\" marginwidth=\"0\" marginheight=\"0\" scrolling=\"no\" class=\"wp-embedded-content\"><\/iframe><script type=\"text\/javascript\">\n\/* <![CDATA[ *\/\n\/*! This file is auto-generated *\/\n!function(d,l){\"use strict\";l.querySelector&&d.addEventListener&&\"undefined\"!=typeof URL&&(d.wp=d.wp||{},d.wp.receiveEmbedMessage||(d.wp.receiveEmbedMessage=function(e){var t=e.data;if((t||t.secret||t.message||t.value)&&!\/[^a-zA-Z0-9]\/.test(t.secret)){for(var s,r,n,a=l.querySelectorAll('iframe[data-secret=\"'+t.secret+'\"]'),o=l.querySelectorAll('blockquote[data-secret=\"'+t.secret+'\"]'),c=new RegExp(\"^https?:$\",\"i\"),i=0;i<o.length;i++)o[i].style.display=\"none\";for(i=0;i<a.length;i++)s=a[i],e.source===s.contentWindow&&(s.removeAttribute(\"style\"),\"height\"===t.message?(1e3<(r=parseInt(t.value,10))?r=1e3:~~r<200&&(r=200),s.height=r):\"link\"===t.message&&(r=new URL(s.getAttribute(\"src\")),n=new URL(t.value),c.test(n.protocol))&&n.host===r.host&&l.activeElement===s&&(d.top.location.href=t.value))}},d.addEventListener(\"message\",d.wp.receiveEmbedMessage,!1),l.addEventListener(\"DOMContentLoaded\",function(){for(var e,t,s=l.querySelectorAll(\"iframe.wp-embedded-content\"),r=0;r<s.length;r++)(t=(e=s[r]).getAttribute(\"data-secret\"))||(t=Math.random().toString(36).substring(2,12),e.src+=\"#?secret=\"+t,e.setAttribute(\"data-secret\",t)),e.contentWindow.postMessage({message:\"ready\",secret:t},\"*\")},!1)))}(window,document);\n\/\/# sourceURL=https:\/\/www.gero.lu\/wp-includes\/js\/wp-embed.min.js\n\/* ]]> *\/\n<\/script>\n","description":"Gef\u00fchle und Bed\u00fcrfnisse von Menschen mit Demenz MODUL V der Weiterbildung Psychogeriatrie Tauchen Sie ein in die besondere Welt der Menschen mit Demenz. Lernen Sie mit allen Sinnen verstehen, wie sich diese Erkrankung f\u00fcr die Betroffenen anf\u00fchlen muss, was in ihnen vorgeht, wie ihr Gef\u00fchlsleben und wie ihre Bed\u00fcrfnisse aussehen. Kommen Sie mit auf diese [&hellip;]","thumbnail_url":"https:\/\/www.gero.lu\/wp-content\/uploads\/2022\/02\/gettyimages-965461846-2048x2048_RET-300x203-1.jpg","thumbnail_width":300,"thumbnail_height":203}

Gefühle und Bedürfnisse von Menschen mit Demenz MODUL V der Weiterbildung Psychogeriatrie Tauchen Sie ein in die besondere Welt der Menschen mit Demenz. Lernen Sie mit allen Sinnen verstehen, wie sich diese Erkrankung für die Betroffenen anfühlen muss, was in ihnen vorgeht, wie ihr Gefühlsleben und wie ihre Bedürfnisse aussehen. Kommen Sie mit auf diese [&hellip;]
